{"id":420,"date":"2022-02-07T21:48:50","date_gmt":"2022-02-07T21:48:50","guid":{"rendered":"https:\/\/unipharma.com.ve\/?page_id=420"},"modified":"2024-06-19T18:04:30","modified_gmt":"2024-06-19T18:04:30","slug":"home","status":"publish","type":"page","link":"https:\/\/unipharma.com.ve\/index.php\/home\/","title":{"rendered":"Home"},"content":{"rendered":"\n<div class=\"wp-block-themepunch-revslider revslider\" data-modal=\"false\" data-slidertitle=\"UPH Menu\" style=\"\"><script>console.log(\"UPH Menu: Please register the Slider Revolution plugin to use premium templates.\")<\/script>\n<\/div>\n\n\n\n<div class=\"wp-block-columns is-layout-flex wp-container-core-columns-is-layout-9d6595d7 wp-block-columns-is-layout-flex\">\n<div class=\"wp-block-column has-white-background-color has-background is-layout-flow wp-block-column-is-layout-flow\"><\/div>\n<\/div>\n\n\n<script>console.log(\"Productos Carrusel UPH: Please register the Slider Revolution plugin to use premium templates.\")<\/script>\n\n\n\n\n<div class=\"wp-block-columns is-layout-flex wp-container-core-columns-is-layout-9d6595d7 wp-block-columns-is-layout-flex\">\n<div class=\"wp-block-column is-layout-flow wp-block-column-is-layout-flow\"><\/div>\n<\/div>\n\n\n<script>console.log(\"NosotrosUPH: Please register the Slider Revolution plugin to use premium templates.\")<\/script>\n\n\n\n\n<div class=\"wp-block-columns is-layout-flex wp-container-core-columns-is-layout-9d6595d7 wp-block-columns-is-layout-flex\">\n<div class=\"wp-block-column is-layout-flow wp-block-column-is-layout-flow\"><\/div>\n<\/div>\n\n\n\n<div class=\"wp-block-themepunch-revslider revslider\" data-modal=\"false\" data-slidertitle=\"UPH Resalta Productos\" style=\"\"><script>console.log(\"UPH Resalta Productos: Please register the Slider Revolution plugin to use premium templates.\")<\/script>\n<\/div>\n\n\n\n<div class=\"wp-block-columns is-layout-flex wp-container-core-columns-is-layout-9d6595d7 wp-block-columns-is-layout-flex\">\n<div class=\"wp-block-column is-layout-flow wp-block-column-is-layout-flow\"><\/div>\n<\/div>\n\n\n\n\t\t\t<!-- START ContactoUPH REVOLUTION SLIDER 6.6.1 --><p class=\"rs-p-wp-fix\"><\/p>\n\t\t\t<rs-module-wrap id=\"ContactoID_wrapper\" data-source=\"gallery\" style=\"visibility:hidden;background:transparent;padding:0;\">\n\t\t\t\t<rs-module id=\"ContactoID\" style=\"\" data-version=\"6.6.1\">\n\t\t\t\t\t<rs-slides style=\"overflow: hidden; position: absolute;\">\n\t\t\t\t\t\t<rs-slide style=\"position: absolute;\" data-key=\"rs-429\" data-title=\"Contacto\" data-anim=\"adpr:false;\" data-in=\"o:0;\" data-out=\"a:false;\">\n\t\t\t\t\t\t\t<img data-recalc-dims=\"1\" decoding=\"async\" src=\"https:\/\/i0.wp.com\/unipharma.com.ve\/wp-content\/plugins\/revslider\/public\/assets\/assets\/transparent.png\" alt=\"Contacto\" title=\"Home\" class=\"rev-slidebg tp-rs-img\" data-bg=\"c:linear-gradient(rgba(244,244,244,1) 0%, rgba(255,255,255,1) 47%, rgba(255,255,255,1) 100%);\" data-no-retina>\n<!--\n\t\t\t\t\t\t\t--><rs-layer\n\t\t\t\t\t\t\t\tid=\"slider-205-slide-429-layer-0\" \n\t\t\t\t\t\t\t\tdata-type=\"image\"\n\t\t\t\t\t\t\t\tdata-rsp_ch=\"on\"\n\t\t\t\t\t\t\t\tdata-xy=\"x:r;xo:0,16px,12px,49px;yo:4px,48px,36px,134px;\"\n\t\t\t\t\t\t\t\tdata-text=\"w:normal;s:20,16,12,7;l:0,20,15,9;\"\n\t\t\t\t\t\t\t\tdata-dim=\"w:467px,385px,292px,386px;h:719px,593px,450px,594px;\"\n\t\t\t\t\t\t\t\tdata-border=\"bor:150px,150px,150px,150px;\"\n\t\t\t\t\t\t\t\tdata-frame_0=\"sX:2;sY:2;\"\n\t\t\t\t\t\t\t\tdata-frame_0_mask=\"u:t;\"\n\t\t\t\t\t\t\t\tdata-frame_1=\"e:power2.out;sp:1200;\"\n\t\t\t\t\t\t\t\tdata-frame_1_mask=\"u:t;\"\n\t\t\t\t\t\t\t\tdata-frame_999=\"o:0;st:w;\"\n\t\t\t\t\t\t\t\tstyle=\"z-index:8;\"\n\t\t\t\t\t\t\t><img decoding=\"async\" src=\"\/\/i0.wp.com\/unipharma.com.ve\/wp-content\/uploads\/2022\/02\/Society-of-Pills-Art-Print-by-noeldelmar.jpg?fit=666%2C1024&ssl=1\" alt=\"\" class=\"tp-rs-img\" width=\"666\" height=\"1024\" data-no-retina> \n\t\t\t\t\t\t\t<\/rs-layer><!--\n\n\t\t\t\t\t\t\t--><rs-layer\n\t\t\t\t\t\t\t\tid=\"slider-205-slide-429-layer-1\" \n\t\t\t\t\t\t\t\tdata-type=\"image\"\n\t\t\t\t\t\t\t\tdata-rsp_ch=\"on\"\n\t\t\t\t\t\t\t\tdata-xy=\"xo:44px,36px,27px,10px;yo:58px,47px,35px,51px;\"\n\t\t\t\t\t\t\t\tdata-text=\"w:normal;s:20,16,12,7;l:0,20,15,9;\"\n\t\t\t\t\t\t\t\tdata-dim=\"w:564px,465px,353px,455px;h:111px,91px,69px,90px;\"\n\t\t\t\t\t\t\t\tdata-frame_0=\"y:-50,-41,-31,-19;\"\n\t\t\t\t\t\t\t\tdata-frame_1=\"sp:1500;\"\n\t\t\t\t\t\t\t\tdata-frame_999=\"o:0;st:w;\"\n\t\t\t\t\t\t\t\tstyle=\"z-index:9;\"\n\t\t\t\t\t\t\t><img decoding=\"async\" src=\"\/\/i0.wp.com\/unipharma.com.ve\/wp-content\/uploads\/2022\/02\/LogoUPHTransparente-PhotoRoom.png?fit=300%2C59&ssl=1\" alt=\"\" class=\"tp-rs-img\" width=\"300\" height=\"59\" data-no-retina> \n\t\t\t\t\t\t\t<\/rs-layer><!--\n\n\t\t\t\t\t\t\t--><rs-layer\n\t\t\t\t\t\t\t\tid=\"slider-205-slide-429-layer-2\" \n\t\t\t\t\t\t\t\tdata-type=\"text\"\n\t\t\t\t\t\t\t\tdata-color=\"rgba(0, 0, 0, 0.5)||rgba(0, 0, 0, 0.5)||rgba(0, 0, 0, 0.5)||rgba(0, 0, 0, 0.6)\"\n\t\t\t\t\t\t\t\tdata-rsp_ch=\"on\"\n\t\t\t\t\t\t\t\tdata-xy=\"xo:60px,49px,37px,32px;yo:175px,144px,109px,169px;\"\n\t\t\t\t\t\t\t\tdata-text=\"w:normal;s:20,16,12,25;l:25,20,15,25;ls:2px,1px,0px,0px;\"\n\t\t\t\t\t\t\t\tdata-dim=\"w:492px,406px,308px,434px;h:86px,71px,53px,97px;\"\n\t\t\t\t\t\t\t\tdata-vbility=\"t,t,t,f\"\n\t\t\t\t\t\t\t\tdata-frame_999=\"o:0;st:w;\"\n\t\t\t\t\t\t\t\tstyle=\"z-index:10;font-family:'harabara';\"\n\t\t\t\t\t\t\t>Unipharma es la Droguer\u00eda clave en la importaci\u00f3n y distribuci\u00f3n de productos farmacol\u00f3gicos y afines a nivel nacional e internacional. \n\t\t\t\t\t\t\t<\/rs-layer><!--\n\n\t\t\t\t\t\t\t--><rs-layer\n\t\t\t\t\t\t\t\tid=\"slider-205-slide-429-layer-3\" \n\t\t\t\t\t\t\t\tdata-type=\"text\"\n\t\t\t\t\t\t\t\tdata-color=\"#000000||#000000||#000000||rgba(0, 0, 0, 0.7)\"\n\t\t\t\t\t\t\t\tdata-rsp_ch=\"on\"\n\t\t\t\t\t\t\t\tdata-xy=\"x:l,l,l,c;xo:112px,92px,69px,0;yo:321px,265px,201px,308px;\"\n\t\t\t\t\t\t\t\tdata-text=\"w:normal;s:20,16,12,25;l:25,20,15,20;ls:1px,0px,0px,0px;\"\n\t\t\t\t\t\t\t\tdata-dim=\"w:249.88299999999998px,205px,207px,261px;\"\n\t\t\t\t\t\t\t\tdata-frame_999=\"o:0;st:w;\"\n\t\t\t\t\t\t\t\tstyle=\"z-index:11;font-family:'harabara';\"\n\t\t\t\t\t\t\t>Carrera 12 entre calles 9 y 10. Calabozo, Edo. Guarico \n\t\t\t\t\t\t\t<\/rs-layer><!--\n\n\t\t\t\t\t\t\t--><rs-layer\n\t\t\t\t\t\t\t\tid=\"slider-205-slide-429-layer-6\" \n\t\t\t\t\t\t\t\tdata-type=\"text\"\n\t\t\t\t\t\t\t\tdata-color=\"#8e8e93\"\n\t\t\t\t\t\t\t\tdata-rsp_ch=\"on\"\n\t\t\t\t\t\t\t\tdata-xy=\"xo:49px,40px,30px,19px;yo:319px,263px,199px,318px;\"\n\t\t\t\t\t\t\t\tdata-text=\"w:normal;s:50,41,31,25;l:50,41,31,19;\"\n\t\t\t\t\t\t\t\tdata-frame_999=\"o:0;st:w;\"\n\t\t\t\t\t\t\t\tstyle=\"z-index:12;font-family:'Roboto';\"\n\t\t\t\t\t\t\t><i class=\"material-icons\">location_on<\/i> \n\t\t\t\t\t\t\t<\/rs-layer><!--\n\n\t\t\t\t\t\t\t--><rs-layer\n\t\t\t\t\t\t\t\tid=\"slider-205-slide-429-layer-8\" \n\t\t\t\t\t\t\t\tdata-type=\"text\"\n\t\t\t\t\t\t\t\tdata-color=\"#8e8e93\"\n\t\t\t\t\t\t\t\tdata-rsp_ch=\"on\"\n\t\t\t\t\t\t\t\tdata-xy=\"xo:50px,41px,31px,18px;yo:392px,323px,245px,367px;\"\n\t\t\t\t\t\t\t\tdata-text=\"w:normal;s:50,41,31,25;l:50,41,31,19;\"\n\t\t\t\t\t\t\t\tdata-frame_999=\"o:0;st:w;\"\n\t\t\t\t\t\t\t\tstyle=\"z-index:13;font-family:'Roboto';\"\n\t\t\t\t\t\t\t><i class=\"material-icons\">phone_in_talk<\/i> \n\t\t\t\t\t\t\t<\/rs-layer><!--\n\n\t\t\t\t\t\t\t--><rs-layer\n\t\t\t\t\t\t\t\tid=\"slider-205-slide-429-layer-9\" \n\t\t\t\t\t\t\t\tdata-type=\"text\"\n\t\t\t\t\t\t\t\tdata-color=\"#000000||#000000||#000000||rgba(0, 0, 0, 0.7)\"\n\t\t\t\t\t\t\t\tdata-rsp_ch=\"on\"\n\t\t\t\t\t\t\t\tdata-xy=\"x:l,l,l,c;xo:112px,92px,69px,0;yo:400px,330px,250px,370px;\"\n\t\t\t\t\t\t\t\tdata-text=\"w:normal;s:20,16,12,25;l:25,20,15,14;ls:1px,0px,0px,0px;\"\n\t\t\t\t\t\t\t\tdata-frame_999=\"o:0;st:w;\"\n\t\t\t\t\t\t\t\tstyle=\"z-index:17;font-family:'harabara';\"\n\t\t\t\t\t\t\t>+58 246 8710201 \n\t\t\t\t\t\t\t<\/rs-layer><!--\n\n\t\t\t\t\t\t\t--><rs-layer\n\t\t\t\t\t\t\t\tid=\"slider-205-slide-429-layer-10\" \n\t\t\t\t\t\t\t\tdata-type=\"text\"\n\t\t\t\t\t\t\t\tdata-color=\"#8e8e93\"\n\t\t\t\t\t\t\t\tdata-rsp_ch=\"on\"\n\t\t\t\t\t\t\t\tdata-xy=\"xo:50px,41px,31px,18px;yo:455px,375px,284px,405px;\"\n\t\t\t\t\t\t\t\tdata-text=\"w:normal;s:50,41,31,25;l:50,41,31,19;\"\n\t\t\t\t\t\t\t\tdata-frame_999=\"o:0;st:w;\"\n\t\t\t\t\t\t\t\tstyle=\"z-index:18;font-family:'Roboto';\"\n\t\t\t\t\t\t\t><i class=\"pe-7s-mail\"><\/i> \n\t\t\t\t\t\t\t<\/rs-layer><!--\n\n\t\t\t\t\t\t\t--><rs-layer\n\t\t\t\t\t\t\t\tid=\"slider-205-slide-429-layer-11\" \n\t\t\t\t\t\t\t\tdata-type=\"text\"\n\t\t\t\t\t\t\t\tdata-color=\"#000000||#000000||#000000||rgba(0, 0, 0, 0.7)\"\n\t\t\t\t\t\t\t\tdata-rsp_ch=\"on\"\n\t\t\t\t\t\t\t\tdata-xy=\"x:l,l,l,c;xo:115px,94px,71px,0;yo:466px,384px,291px,408px;\"\n\t\t\t\t\t\t\t\tdata-text=\"w:normal;s:20,16,12,25;l:25,20,15,14;ls:1px,0px,0px,0px;\"\n\t\t\t\t\t\t\t\tdata-frame_999=\"o:0;st:w;\"\n\t\t\t\t\t\t\t\tstyle=\"z-index:16;font-family:'harabara';\"\n\t\t\t\t\t\t\t>info@unipharma.com.ve<br \/>\n \n\t\t\t\t\t\t\t<\/rs-layer><!--\n\n\t\t\t\t\t\t\t--><a\n\t\t\t\t\t\t\t\tid=\"slider-205-slide-429-layer-12\" \n\t\t\t\t\t\t\t\tclass=\"rs-layer\"\n\t\t\t\t\t\t\t\thref=\"https:\/\/api.whatsapp.com\/send?phone=584243551811\" target=\"_self\"\n\t\t\t\t\t\t\t\tdata-type=\"text\"\n\t\t\t\t\t\t\t\tdata-color=\"#8e8e93\"\n\t\t\t\t\t\t\t\tdata-rsp_ch=\"on\"\n\t\t\t\t\t\t\t\tdata-xy=\"xo:55px,45px,34px,19px;yo:516px,426px,323px,444px;\"\n\t\t\t\t\t\t\t\tdata-text=\"w:normal;s:50,41,31,25;l:50,41,31,19;\"\n\t\t\t\t\t\t\t\tdata-frame_999=\"o:0;st:w;\"\n\t\t\t\t\t\t\t\tstyle=\"z-index:19;font-family:'Roboto';\"\n\t\t\t\t\t\t\t><i class=\"fa-whatsapp\"><\/i> \n\t\t\t\t\t\t\t<\/a><!--\n\n\t\t\t\t\t\t\t--><rs-layer\n\t\t\t\t\t\t\t\tid=\"slider-205-slide-429-layer-13\" \n\t\t\t\t\t\t\t\tdata-type=\"text\"\n\t\t\t\t\t\t\t\tdata-color=\"#000000||#000000||#000000||rgba(0, 0, 0, 0.7)\"\n\t\t\t\t\t\t\t\tdata-rsp_ch=\"on\"\n\t\t\t\t\t\t\t\tdata-xy=\"x:l,l,l,c;xo:113px,93px,70px,0;yo:526px,434px,329px,450px;\"\n\t\t\t\t\t\t\t\tdata-text=\"w:normal;s:20,16,12,25;l:25,20,15,14;ls:1px,0px,0px,0px;\"\n\t\t\t\t\t\t\t\tdata-frame_999=\"o:0;st:w;\"\n\t\t\t\t\t\t\t\tstyle=\"z-index:15;font-family:'harabara';\"\n\t\t\t\t\t\t\t>+58 4243551811 \n\t\t\t\t\t\t\t<\/rs-layer><!--\n\n\t\t\t\t\t\t\t--><rs-layer\n\t\t\t\t\t\t\t\tid=\"slider-205-slide-429-layer-14\" \n\t\t\t\t\t\t\t\tdata-type=\"text\"\n\t\t\t\t\t\t\t\tdata-color=\"#8e8e93\"\n\t\t\t\t\t\t\t\tdata-rsp_ch=\"on\"\n\t\t\t\t\t\t\t\tdata-xy=\"xo:54px,44px,33px,19px;yo:584px,482px,366px,487px;\"\n\t\t\t\t\t\t\t\tdata-text=\"w:normal;s:50,41,31,25;l:50,41,31,19;\"\n\t\t\t\t\t\t\t\tdata-frame_999=\"o:0;st:w;\"\n\t\t\t\t\t\t\t\tstyle=\"z-index:20;font-family:'Roboto';\"\n\t\t\t\t\t\t\t><i class=\"fa-instagram\"><\/i> \n\t\t\t\t\t\t\t<\/rs-layer><!--\n\n\t\t\t\t\t\t\t--><rs-layer\n\t\t\t\t\t\t\t\tid=\"slider-205-slide-429-layer-16\" \n\t\t\t\t\t\t\t\tdata-type=\"text\"\n\t\t\t\t\t\t\t\tdata-color=\"#000000||#000000||#000000||rgba(0, 0, 0, 0.7)\"\n\t\t\t\t\t\t\t\tdata-rsp_ch=\"on\"\n\t\t\t\t\t\t\t\tdata-xy=\"x:l,l,l,c;xo:113px,93px,70px,0;yo:596px,492px,373px,491px;\"\n\t\t\t\t\t\t\t\tdata-text=\"w:normal;s:20,16,12,25;l:25,20,15,14;ls:1px,0px,0px,0px;\"\n\t\t\t\t\t\t\t\tdata-frame_999=\"o:0;st:w;\"\n\t\t\t\t\t\t\t\tstyle=\"z-index:14;font-family:'harabara';\"\n\t\t\t\t\t\t\t>@unipharma.ve \n\t\t\t\t\t\t\t<\/rs-layer><!--\n-->\t\t\t\t\t\t<\/rs-slide>\n\t\t\t\t\t<\/rs-slides>\n\t\t\t\t<\/rs-module>\n\t\t\t\t<script>\n\t\t\t\t\tsetREVStartSize({c: 'ContactoID',rl:[1240,1024,778,480],el:[768,768,960,720],gw:[1240,1024,778,480],gh:[768,768,960,720],type:'hero',justify:'',layout:'fullscreen',offsetContainer:'',offset:'',mh:\"0\"});if (window.RS_MODULES!==undefined && window.RS_MODULES.modules!==undefined && window.RS_MODULES.modules[\"ContactoID\"]!==undefined) {window.RS_MODULES.modules[\"ContactoID\"].once = false;window.revapi205 = undefined;if (window.RS_MODULES.checkMinimal!==undefined) window.RS_MODULES.checkMinimal()}\n\t\t\t\t<\/script>\n\t\t\t<\/rs-module-wrap>\n\t\t\t<!-- END REVOLUTION SLIDER -->\n\n\n\n\n<p><\/p>\n","protected":false},"excerpt":{"rendered":"","protected":false},"author":1,"featured_media":0,"parent":0,"menu_order":0,"comment_status":"closed","ping_status":"closed","template":"..\/public\/views\/revslider-page-template.php","meta":{"footnotes":""},"class_list":["post-420","page","type-page","status-publish","hentry"],"yoast_head":"<!-- This site is optimized with the Yoast SEO plugin v27.4 - https:\/\/yoast.com\/product\/yoast-seo-wordpress\/ -->\n<title>Home - Unipharma<\/title>\n<meta name=\"robots\" content=\"index, follow, max-snippet:-1, max-image-preview:large, max-video-preview:-1\" \/>\n<link rel=\"canonical\" href=\"https:\/\/unipharma.com.ve\/index.php\/home\/\" \/>\n<meta property=\"og:locale\" content=\"es_ES\" \/>\n<meta property=\"og:type\" content=\"article\" \/>\n<meta property=\"og:title\" content=\"Home - Unipharma\" \/>\n<meta property=\"og:url\" content=\"https:\/\/unipharma.com.ve\/index.php\/home\/\" \/>\n<meta property=\"og:site_name\" content=\"Unipharma\" \/>\n<meta property=\"article:modified_time\" content=\"2024-06-19T18:04:30+00:00\" \/>\n<meta name=\"twitter:card\" content=\"summary_large_image\" \/>\n<meta name=\"twitter:label1\" content=\"Tiempo de lectura\" \/>\n\t<meta name=\"twitter:data1\" content=\"1 minuto\" \/>\n<script type=\"application\/ld+json\" class=\"yoast-schema-graph\">{\"@context\":\"https:\\\/\\\/schema.org\",\"@graph\":[{\"@type\":\"WebPage\",\"@id\":\"https:\\\/\\\/unipharma.com.ve\\\/index.php\\\/home\\\/\",\"url\":\"https:\\\/\\\/unipharma.com.ve\\\/index.php\\\/home\\\/\",\"name\":\"Home - Unipharma\",\"isPartOf\":{\"@id\":\"https:\\\/\\\/unipharma.com.ve\\\/#website\"},\"datePublished\":\"2022-02-07T21:48:50+00:00\",\"dateModified\":\"2024-06-19T18:04:30+00:00\",\"breadcrumb\":{\"@id\":\"https:\\\/\\\/unipharma.com.ve\\\/index.php\\\/home\\\/#breadcrumb\"},\"inLanguage\":\"es\",\"potentialAction\":[{\"@type\":\"ReadAction\",\"target\":[\"https:\\\/\\\/unipharma.com.ve\\\/index.php\\\/home\\\/\"]}]},{\"@type\":\"BreadcrumbList\",\"@id\":\"https:\\\/\\\/unipharma.com.ve\\\/index.php\\\/home\\\/#breadcrumb\",\"itemListElement\":[{\"@type\":\"ListItem\",\"position\":1,\"name\":\"Portada\",\"item\":\"https:\\\/\\\/unipharma.com.ve\\\/\"},{\"@type\":\"ListItem\",\"position\":2,\"name\":\"Home\"}]},{\"@type\":\"WebSite\",\"@id\":\"https:\\\/\\\/unipharma.com.ve\\\/#website\",\"url\":\"https:\\\/\\\/unipharma.com.ve\\\/\",\"name\":\"Unipharma\",\"description\":\"\",\"publisher\":{\"@id\":\"https:\\\/\\\/unipharma.com.ve\\\/#organization\"},\"potentialAction\":[{\"@type\":\"SearchAction\",\"target\":{\"@type\":\"EntryPoint\",\"urlTemplate\":\"https:\\\/\\\/unipharma.com.ve\\\/?s={search_term_string}\"},\"query-input\":{\"@type\":\"PropertyValueSpecification\",\"valueRequired\":true,\"valueName\":\"search_term_string\"}}],\"inLanguage\":\"es\"},{\"@type\":\"Organization\",\"@id\":\"https:\\\/\\\/unipharma.com.ve\\\/#organization\",\"name\":\"Drogueria Unipharma, C.A.\",\"url\":\"https:\\\/\\\/unipharma.com.ve\\\/\",\"logo\":{\"@type\":\"ImageObject\",\"inLanguage\":\"es\",\"@id\":\"https:\\\/\\\/unipharma.com.ve\\\/#\\\/schema\\\/logo\\\/image\\\/\",\"url\":\"https:\\\/\\\/i0.wp.com\\\/unipharma.com.ve\\\/wp-content\\\/uploads\\\/2022\\\/02\\\/LogoUPHTransparente-PhotoRoom.png?fit=564%2C111&ssl=1\",\"contentUrl\":\"https:\\\/\\\/i0.wp.com\\\/unipharma.com.ve\\\/wp-content\\\/uploads\\\/2022\\\/02\\\/LogoUPHTransparente-PhotoRoom.png?fit=564%2C111&ssl=1\",\"width\":564,\"height\":111,\"caption\":\"Drogueria Unipharma, C.A.\"},\"image\":{\"@id\":\"https:\\\/\\\/unipharma.com.ve\\\/#\\\/schema\\\/logo\\\/image\\\/\"}}]}<\/script>\n<!-- \/ Yoast SEO plugin. -->","yoast_head_json":{"title":"Home - Unipharma","robots":{"index":"index","follow":"follow","max-snippet":"max-snippet:-1","max-image-preview":"max-image-preview:large","max-video-preview":"max-video-preview:-1"},"canonical":"https:\/\/unipharma.com.ve\/index.php\/home\/","og_locale":"es_ES","og_type":"article","og_title":"Home - Unipharma","og_url":"https:\/\/unipharma.com.ve\/index.php\/home\/","og_site_name":"Unipharma","article_modified_time":"2024-06-19T18:04:30+00:00","twitter_card":"summary_large_image","twitter_misc":{"Tiempo de lectura":"1 minuto"},"schema":{"@context":"https:\/\/schema.org","@graph":[{"@type":"WebPage","@id":"https:\/\/unipharma.com.ve\/index.php\/home\/","url":"https:\/\/unipharma.com.ve\/index.php\/home\/","name":"Home - Unipharma","isPartOf":{"@id":"https:\/\/unipharma.com.ve\/#website"},"datePublished":"2022-02-07T21:48:50+00:00","dateModified":"2024-06-19T18:04:30+00:00","breadcrumb":{"@id":"https:\/\/unipharma.com.ve\/index.php\/home\/#breadcrumb"},"inLanguage":"es","potentialAction":[{"@type":"ReadAction","target":["https:\/\/unipharma.com.ve\/index.php\/home\/"]}]},{"@type":"BreadcrumbList","@id":"https:\/\/unipharma.com.ve\/index.php\/home\/#breadcrumb","itemListElement":[{"@type":"ListItem","position":1,"name":"Portada","item":"https:\/\/unipharma.com.ve\/"},{"@type":"ListItem","position":2,"name":"Home"}]},{"@type":"WebSite","@id":"https:\/\/unipharma.com.ve\/#website","url":"https:\/\/unipharma.com.ve\/","name":"Unipharma","description":"","publisher":{"@id":"https:\/\/unipharma.com.ve\/#organization"},"potentialAction":[{"@type":"SearchAction","target":{"@type":"EntryPoint","urlTemplate":"https:\/\/unipharma.com.ve\/?s={search_term_string}"},"query-input":{"@type":"PropertyValueSpecification","valueRequired":true,"valueName":"search_term_string"}}],"inLanguage":"es"},{"@type":"Organization","@id":"https:\/\/unipharma.com.ve\/#organization","name":"Drogueria Unipharma, C.A.","url":"https:\/\/unipharma.com.ve\/","logo":{"@type":"ImageObject","inLanguage":"es","@id":"https:\/\/unipharma.com.ve\/#\/schema\/logo\/image\/","url":"https:\/\/i0.wp.com\/unipharma.com.ve\/wp-content\/uploads\/2022\/02\/LogoUPHTransparente-PhotoRoom.png?fit=564%2C111&ssl=1","contentUrl":"https:\/\/i0.wp.com\/unipharma.com.ve\/wp-content\/uploads\/2022\/02\/LogoUPHTransparente-PhotoRoom.png?fit=564%2C111&ssl=1","width":564,"height":111,"caption":"Drogueria Unipharma, C.A."},"image":{"@id":"https:\/\/unipharma.com.ve\/#\/schema\/logo\/image\/"}}]}},"jetpack_sharing_enabled":true,"_links":{"self":[{"href":"https:\/\/unipharma.com.ve\/index.php\/wp-json\/wp\/v2\/pages\/420","targetHints":{"allow":["GET"]}}],"collection":[{"href":"https:\/\/unipharma.com.ve\/index.php\/wp-json\/wp\/v2\/pages"}],"about":[{"href":"https:\/\/unipharma.com.ve\/index.php\/wp-json\/wp\/v2\/types\/page"}],"author":[{"embeddable":true,"href":"https:\/\/unipharma.com.ve\/index.php\/wp-json\/wp\/v2\/users\/1"}],"replies":[{"embeddable":true,"href":"https:\/\/unipharma.com.ve\/index.php\/wp-json\/wp\/v2\/comments?post=420"}],"version-history":[{"count":19,"href":"https:\/\/unipharma.com.ve\/index.php\/wp-json\/wp\/v2\/pages\/420\/revisions"}],"predecessor-version":[{"id":832,"href":"https:\/\/unipharma.com.ve\/index.php\/wp-json\/wp\/v2\/pages\/420\/revisions\/832"}],"wp:attachment":[{"href":"https:\/\/unipharma.com.ve\/index.php\/wp-json\/wp\/v2\/media?parent=420"}],"curies":[{"name":"wp","href":"https:\/\/api.w.org\/{rel}","templated":true}]}}